at is ((-4 + 6 - 8) + 15 - 11) + (0 - 2)?
-4
Evaluate -2 + 4 + -56 - (188 - 190).
-52
Calculate -216 + 283 - (44 - -9).
14
Calculate 11 + -18 + -26 - (0 - -10 - 14).
-29
What is (29 - -2) + -132 + (266 - 136)?
29
(62 - (-65 + 117)) + (-42 - (-1 + -1))
-30
Evaluate (113 - (-5 - -161) - (0 - -14)) + -1.
-58
What is the value of 52 - (-1 + -2 - (-93 + 95))?
57
What is the value of -51 - (30 - 7) - -33?
-41
Evaluate -14 + (-12 - (9 + -3) - -16 - (4 + -5)).
-15
Calculate 39 + -19 - -19 - (-26 - -135).
-70
What is the value of -28 - (-10 - 17) - (0 - 11) - (20 + -5)?
-5
Calculate -3 + 54 + (6 - (1 + -1 + 1)).
56
What is the value of -21 + -2 + 94 + -187 + 58?
-58
Evaluate 21 + (15 - -23) - 5.
54
What is the value of 2 + 5 + 6 + -1 + -2 + -9 + 18?
19
Evaluate -18 + -138 + -7 + (20 - (2 - 3)).
-142
57 - ((11 - 1) + 11 + 15 + -30)
51
What is the value of -10 + (-23 - -65) + -24 - -78?
86
What is -18 + 3 + -1 - (693 - 707)?
-2
Evaluate (-48 - -3) + (29 - (10 + 8 + -5 - -4)).
-33
What is -15 - (-10 + (20 - 0) - 3) - 66?
-88
(2 - -2) + -4 + (-2 - 5) - (-26 + 48)
-29
-103 - (-105 + -54 + 99)
-43
Evaluate (20 - -55) + (-317 - -226).
-16
Evaluate -5 + (17 - (-50 - -18 - 15)).
59
5 - -2 - (28 + (1 - 23) + 55)
-54
(-1 - -2 - 14) + (155 - 30) + -115
-3
What is the value of (0 - -134) + (1057 - 1099) + -43?
49
55 - (-10 + (-11 - (-21 - (4 - 22))))
73
What is 49 - (164 + -206 + 113)?
-22
What is the value of -135 - 3 - (37 + 1 + (429 - 470))?
-135
What is the value of -190 - -226 - (18 - -1) - 13?
4
What is the value of (283 - 271) + (13 - -2) - (0 - 6)?
33
What is (-58 + 96 - 28) + 78?
88
Evaluate -8 + 5 + -10 + 115 + -17 - 12.
73
What is the value of 5 + 109 - ((-4 - (11 + 0 - 22)) + -2)?
109
-166 + (-20 - -46 - -2) - -43
-95
What is the value of -100 - (-21 - (25 + -20 + -26))?
-100
Evaluate -32 - ((-73 - -31) + -10).
20
Calculate (-11 - (-44 - -15)) + (2 - -3) + 63.
86
-1 + (-1 - 8) + (2442 - 2383)
49
What is the value of 2 - (-43 + -8 - (-8 + 3))?
48
17 + -4 - ((-12 - -17) + (-1 - 6 - 11))
26
Evaluate (-95 - -79) + (-12 - -18 - 55).
-65
Calculate ((-111 - -119) + (-1 - -7) - 59) + (-9 - 1).
-55
Calculate -2 + (7 + -7 - 3) + 5 - (-4 + 50).
-46
What is (18 - 4) + 38 - 10?
42
What is 18 + -141 - -88 - (-2 + 11)?
-44
What is the value of (-32 - -1) + -3463 + 3546?
52
What is -2 + 4 + -12 + -10 + 60 + 3 + -1?
42
What is the value of -5 - -4 - 43 - (1 - 12) - -4?
-29
What is the value of 102 - -1 - (1 - (1 + 16) - (2085 + -2105))?
99
Calculate 34 + (-17 - (35 + 68)) + -27.
-113
What is the value of 7 + 0 - ((21 - 17) + (1 - 2) - 54)?
58
Calculate -48 + (-76 + 48 + -11 - -207).
120
Calculate 12 - 76 - (-5 - ((14 - 5) + -5)).
-55
-27 - -4 - (37 + (2 - 4))
-58
-99 + 73 + 35 + -56 + -5 + 4 + -2
-50
What is the value of 47 - (0 - (2 - (10 + -8) - 11))?
36
What is the value of -21 + (12 - (-82 + 98))?
-25
What is the value of 0 + -43 - ((0 - 407) + 405)?
-41
Calculate (-4 - (8 + -13)) + (-1 + -23 - (26 + -25)).
-24
What is -11 + 68 + -27 + (2 - 47)?
-15
Calculate -3 - ((60 - 28) + (0 - 0)).
-35
Calculate (2 - 4) + (860 + -838 - (20 - -1)).
-1
What is the value of (-127 + 291 - 74) + (-4 - -2)?
88
Calculate -24 + -5 + (152 - 97).
26
Evaluate -47 - -55 - (7 + (-77 - -17) + 0 + 1).
60
Evaluate (-20 - -92) + 249 + -328.
-7
Calculate 256 + -384 - (2 - 130).
0
-24 - (26 - 5 - -8 - 11)
-42
What is the value of 37 - (-42 - ((-14 - 18) + -153))?
-106
Evaluate (-4 - -12) + 43 + -187 - -4.
-132
Calculate 2 - -3 - (-12 + 6 + 9) - -5.
7
14 - 11 - (-29 + 14 - -12)
6
Calculate -164 + 225 - (46 - 73).
88
Evaluate 1 - (-12 + 0) - (-779 - -766).
26
1 - (77 + (-20 - 23)) - -8
-25
Calculate 6 - (0 + 35 - (-401 - -396)).
-34
Evaluate (-7 - 7 - -19 - 0) + (103 - 202).
-94
Calculate 19 - (-54 + -45 + 97).
21
Evaluate -2 + -68 - (-29 - 23).
-18
Evaluate -37 - (2 + (-18 + 7 - 11)).
-17
Evaluate (2 - (-9 + -6)) + (-2721 - -2810).
106
What is (-6 - (-3 - 3)) + -20 + 8 + 30?
18
-45 + 177 + -190 + (1 - -16) + 19
-22
What is (-13 - (-72 - 3)) + -2 + (-8 - -19) + -7?
64
Calculate 9 + -3 + -3 - 2 - (-3 - 32).
36
Evaluate (88 - (-48 + -7 + 46)) + 4.
101
Calculate -25 + 136 + -67 + (-1 - -10).
53
What is the value of (-23 - -55) + (-17 - 3) + -21 + -1?
-10
Calculate -12 - ((32 - 6) + -35 + (1 - -1)).
-5
Calculate (-5 - -2) + 22 + (-124 - -9) - -20.
-76
What is the value of -42 - -68 - 62 - -7?
-29
-52 + -4 + (12 - 1 - (-17 + -60 - -83))
-51
(12 - 16) + -4 + -27 + 116
81
What is the value of -153 + 136 + (7 + 42 - -7)?
39
What is the value of -2 + 6 + -5 - (8 - -2) - (89 - 149)?
49
What is the value of (-145 - -100) + (6 + -2 + -7 - 5)?
-53
Evaluate 3 + -14 - (3 - 9) - (-69 - -14).
50
(0 - -14) + (11 - 12) + -8 + -18
-13
(4 + -18 - (17 + -12 + -22)) + -44
-41
What is the value of (313 - (39 + 259)) + 10 + (0 - (1 - 0))?
24
What is 68 + 3 + -14 + (18 - (-16 + 32 - 12))?
71
What is 1 + -9 + (4 - 20) + (149 - 141)?
-16
What is the value of -61 + 16 + (20 - 12)?
-37
Evaluate -14 + 8 + (3 - -39) + 2 + 14.
52
What is 17 + (-3 - 2) - (12 + -27 + 26)?
1
Calculate (141 - 145 - (-1 + -6)) + -13 + 50.
40
What is 2 + (-19 + -6 + 9 + -2 - -9) + 32?
25
Evaluate 62 - 35 - (1 - (-11 - -5)).
20
13 - 15 - -12 - (-52 + 14)
48
What is the value of -37 + -9 + 33 + -3?
-16
Evaluate (-14 - 25) + -19 - -93.
35
Calculate 29 - 35 - (5 - (0 + 0) - 10) - 39.
-40
7 + (-1 + -1 - -8 - (-95 + 71 - -25))
12
-24 + -31 + 39 + (2 - -3)
-11
What is the value of -2 - 12 - -2 - (518 - 505) - -5?
-20
What is -22 + (106 - 141 - -35)?
-22
What is the value of 708 - 748 - ((-2 - (-20 - -3)) + -2)?
-53
(41 - -74) + -44 + -74
-3
Calculate -22 + -1 + (-112 - -69 - -15).
-51
Evaluate -20 + 11 + 52 - (-18 + -12 + 9).
64
What is the value of -6 + (-95 - -6) + -28 + (-8 - -28)?
-103
Calculate (-18 - (-11 + -13 + (14 - 19))) + 54.
65
-1350 + 1348 + -1 + (3 - -15)
15
Calculate 54 + (-61 - 6) + 20.
7
(35 - 43) + 11 + (-9 - 0) - 2
-8
Calculate 1 + (1 - 5) - 41 - (-50 - (9 + -53)).
-38
What is the value of (-21 - 1) + 50 + -31 + -8 + -9?
-20
What is the value of -860 - -866 - (15 + 0) - (19 - -1)?
-29
(-72 - -45 - (1 - 117)) + -35
54
Evaluate 15 + 14 + 177 + -105.
101
20 - -43 - (-8 + 21)
50
What is the value of 30 + -152 + 106 - (0 - 7)?
-9
Calculate -10 - (-110 - -125 - (0 + -4 + 1)).
-28
Calculate 2 + (-22 - -3) - (-52 - (66 - 130)).
-29
What is the value of (0 - 62) + -155 + (77 - -74)?
-66
What is the value of -2 - 6 - -16 - (8 - (13 + -4 - 97))?
-88
What is the value of 42 - (39 + 38 + -73)?
38
What is 60 + (-5 - -6) - (13 + 11 + -34)?
71
(-4 - 0) + 60 + -17 - (2 + 21 + -16)
32
(3 - 0) + -12 + (-101 - -101 - 22)
-31
What is -43 - (-3 - 13 - ((4 - 26) + 8))?
-41
185 - 174 - (56 - 0) - (8 + 10 + -6)
-57
What is the value of -69 + -59 - ((-34 - -15) + -12)?
-97
(-32 - (-2 - 0)) + (23474 - 23358)
86
Calculate -8 + 0 - -22 - (7 - 1) - (-22 - -6).
24
(80 - (53 - -6)) + -93
-72
Evaluate 2 + -36 + 3 - (-40 - -30 - -15).
-36
What is 13 - (34 - ((-4 - 7) + 23))?
-9
Evaluate 12 + (89 - 82 - (74 + -1 - -2) - -6).
-50
What is the value of -29 - -13 - (-66 + -8)?
58
-8 + -97 + 62 + -28
-71
What is 33 + (-10 - 32) - 21 - 87?
-117
108 + -101 + -1 + 8 + -2 - -7
19
What is -4 + 2 + 4 + -90 + 84?
-4
What is the value of 1 + 10 - (-519 - -299 - -260)?
-29
Calculate 13 - (-21 + 17 + -12 + 8).
21
Calculate -291 + 299 - (1 - -1 - (-10 - 4)).
-8
Evaluate -4 + (28 - -210 - 103).
131
Calculate (95 - (-25 + 7 + 71)) + (16 - -1).
59
Calculate (-1599 - -1699) + -3 + 6 + -44.
59
What is (-16 - -5) + (59 - (15 + -16) - 21)?
28
1 - 0 - (0 + -25 - ((20 - 6) + -71))
-31
-17 + (-14 - (-19 + -32)) - (-4 + 1) - 0
23
Calculate -14 - ((18 + -59 - -14) + 36).
-23
Evaluate -178 + 49 - -27 - (16 + 1).
-119
Evaluate (-19 - -11) + -34 + 433 + -423.
-32
Evaluate (27 + 21 - 1) + -7.
40
Evaluate 1 + -25 - (78 + 116 + -204).
-14
-27 + 0 + (-46 - (-46 + (-25 - -25)))
-27
What is the value of (-12 - (-1 + 1)) + (3 + -4 - (1235 + -1244))?
-4
What is 0 + (1 - -31) - (816 - 852)?
68
(-47 - -81 - (10 + (15 - 10))) + -83
-64
Calculate 1 + (-3 + (8 - -9) + -13 - 3).
-1
What is 19 + 1 + (-5 - (-35 + 52))?
-2
(97 - 85) + 80 + (6 - 9)
89
What is -33 - -44 - (44 + -10)?
-23
What is -15 + 37 + -12 + 19?
29
What is -39 + -72 - -123 - 55?
-43
What is -89 + -2 + 5 + -8 + 35 + 7 + -32?
-84
6 + (12 - ((39 - 20) 